{"id":76,"date":"2015-09-18T16:20:58","date_gmt":"2015-09-18T16:20:58","guid":{"rendered":"http:\/\/esg.pt\/seismic-v\/?page_id=76"},"modified":"2015-11-13T12:43:59","modified_gmt":"2015-11-13T12:43:59","slug":"equipa","status":"publish","type":"page","link":"https:\/\/esg.pt\/seismic-v\/equipa\/","title":{"rendered":"Equipa"},"content":{"rendered":"<div class=\"row\">\n<div class=\"col-md-6\">\n<h3>Projeto<\/h3>\n<p>        SEISMIC-V: Cultura S\u00edsmica em Portugal<\/p>\n<hr \/>\n<h3>Entidade Financiadora<\/h3>\n<p>        FCT \u2013 Funda\u00e7\u00e3o para a Ci\u00eancia e Tecnologia<\/p>\n<hr \/>\n<h3>Programa<\/h3>\n<p>        Projetos de Investiga\u00e7\u00e3o Cient\u00edfica e Desenvolvimento Tecnol\u00f3gico<\/p>\n<hr \/>\n<h3>Refere\u0302ncia do Projeto<\/h3>\n<p>        PTDC\/ATP-AQI\/3934\/2012<\/p>\n<hr \/>\n<h3>Investigadora Respons\u00e1vel<\/h3>\n<p>        Mariana Rita Alberto Rosado Correia<\/p>\n<hr \/>\n<h3>\u00c1rea Cient\u00edfica<\/h3>\n<p>        Ambiente, Territ\u00f3rio e Popula\u00e7\u00e3o \u2013 Arquitetura<\/p>\n<hr \/><\/div>\n<div class=\"col-md-6\">\n<h3>Coordena\u00e7\u00e3o do Projecto<\/h3>\n<p><strong><em>Escola Superior Gallaecia<\/em><\/strong>, CI-ESG, Centro de Investiga\u00e7\u00e3o da ESG.<br \/>\nFunda\u00e7\u00e3o Convento da Orada, Vila Nova de Cerveira, Portugal<\/p>\n<p>Mariana R. Correia <em>(coord. do Projeto)<\/em>, Gilberto D. Carlos, David Leite Viana, Goreti Sousa, Ana Lima, Filipa Gomes, Jacob Merten, Sandra Rocha e Sousa, Marco Mour\u00e3o, Teresa Correia.<\/p>\n<h3>Parceiros do Projeto<\/h3>\n<p><strong><em>Universidade do Minho<\/em><\/strong>, Guimar\u00e3es, Portugal<br \/>\nPaulo B. Louren\u00e7o <em>(coord. da equipa)<\/em>, Gra\u00e7a Vasconcelos, Javier Ortega.<\/p>\n<p>Universidade de Aveiro, Aveiro, Portugal<br \/>\nHumberto Varum <em>(coord. da equipa)<\/em>, Alice Tavares Ruano, An\u00edbal Costa, Ant\u00f3nio Figueiredo, Hugo Rodrigues, Ricardo Barros, Dora Silveira.<\/p>\n<hr \/>\n<h3>Consultores<\/h3>\n<p>        Ferruccio Ferrigni . Julio Vargas Neumann<\/p>\n<hr \/>\n<h3>Agradecimentos<\/h3>\n<p>        C\u00e2mara Municipal de Benavente . C\u00e2mara Municipal de Alc\u00e1cer do Sal . C\u00e2mara Municipal de Gr\u00e2ndola . C\u00e2mara Municipal de E\u0301vora . Arquivo de Documenta\u00e7\u00e3o E\u0301vora . Arquivo Fotogr\u00e1fico E\u0301vora . C\u00e2mara Municipal de Beja . C\u00e2mara Municipal de Moura . C\u00e2mara Municipal de Odemira . C\u00e2mara Municipal de Lagos . C\u00e2mara Municipal de Loule\u0301 . C\u00e2mara Municipal de Tavira . C\u00e2mara Municipal de Vila Real de Santo Ant\u00f3nio . CVARG &#8211; Centro de Vulcanologia e Avalia\u00e7\u00e3o de Riscos Geol\u00f3gicos . Quinta Grande \u2013 Coruche . FormaURBIS . UNIVEUR, Ravello . CRAterre &#8211; ENSAG . NCREP. N. Jorquera . L. Dipasquale . A. Abdessemed- Foufa . R. Djilali . E.S. Georgescu . S. Mecca . E. Paupe\u0301rio . X. Rom\u00e3o . J. Yao . N. Takiyama.<\/p>\n<hr \/>\n<h3>Colaboradores<\/h3>\n<p>        Ferruccio Ferrigni . Julio Vargas Neumann . Frederico Paula . In\u00eas Palma . Eduardo Miranda.\n    <\/p><\/div>\n<\/div>\n<p><!-- Institui\u00e7\u00f5es --><\/p>\n<div class=\"row\">\n<div class=\"col-md-12\">\n<hr \/>\n<h3>Financiamento<\/h3>\n<\/p><\/div>\n<div class=\"col-md-2 center-block parceiros\"><img src=\"http:\/\/esg.pt\/seismic-v\/assets\/uploads\/2015\/09\/logo_fct.png\" alt=\" FCT - Funda\u00e7\u00e3o para a Ci\u00eancia e a Tecnologia\" \/><\/div>\n<div class=\"col-md-10 center-block\">\n        FCT &#8211; Funda\u00e7\u00e3o para a Ci\u00eancia e a Tecnologia\n    <\/div>\n<\/div>\n<div class=\"row\">\n<div class=\"col-md-12\">\n<hr \/>\n<h3>Coordena\u00e7\u00e3o do Projeto<\/h3>\n<\/p><\/div>\n<div class=\"col-md-2 center-block parceiros\"><img src=\"http:\/\/esg.pt\/seismic-v\/assets\/uploads\/2015\/09\/logo-esg-vertical.png\" alt=\"Escola Superior Gallaecia\" \/><\/div>\n<div class=\"col-md-10 center-block\">\n        Escola Superior Gallaecia\n    <\/div>\n<\/div>\n<div class=\"row\">\n<div class=\"col-md-12\">\n<hr \/>\n<h3>Parceiros do Projeto<\/h3>\n<\/p><\/div>\n<div class=\"col-md-2 center-block parceiros\"><img src=\"http:\/\/esg.pt\/seismic-v\/assets\/uploads\/2015\/09\/uminho_eng.png\" alt=\"Universidade do Minho - Escola de Engenharia\" \/><\/div>\n<div class=\"col-md-10 center-block\">\n        Universidade do Minho &#8211; Escola de Engenharia\n    <\/div>\n<\/div>\n<div class=\"row\">\n<div class=\"col-md-2 center-block parceiros\"><img src=\"http:\/\/esg.pt\/seismic-v\/assets\/uploads\/2015\/09\/uaveiro.png\" alt=\"Universidade de Aveiro - Escola de Engenharia\" \/><\/div>\n<div class=\"col-md-10 center-block\">\n        Universidade de Aveiro &#8211; Escola de Engenharia\n    <\/div>\n<\/div>\n<div class=\"row\">\n<div class=\"col-md-12\">\n<hr \/>\n<h3>Apoios<\/h3>\n<\/p><\/div>\n<div class=\"col-md-2 center-block parceiros\"><img src=\"http:\/\/esg.pt\/seismic-v\/assets\/uploads\/2015\/09\/logo-unesco-unitwin.png\" alt=\"Unesco UniTwin\" \/><\/div>\n<div class=\"col-md-10 center-block\">\n        Chaire UNESCO Architecture de Terre\n    <\/div>\n<\/div>\n<div class=\"row\">\n<div class=\"col-md-2 center-block parceiros\"><img src=\"http:\/\/esg.pt\/seismic-v\/assets\/uploads\/2015\/09\/logo_cultura.png\" alt=\"Logo Secrt\u00e1rio de Estado da Cultura \" \/><\/div>\n<div class=\"col-md-10 center-block\">\n        Secret\u00e1rio de Estado da Cultura &#8211; Governo de Portugal\n    <\/div>\n<\/div>\n<div class=\"row\">\n<div class=\"col-md-2 center-block parceiros\"><img src=\"http:\/\/esg.pt\/seismic-v\/assets\/uploads\/2015\/09\/logo_ciav.png\" alt=\"Logo ICOMOS CIAV - The International Committee on Vernacular Architecture of The International Council on Monuments and Sites \" \/><\/div>\n<div class=\"col-md-10 center-block\">\n        ICOMOS CIAV &#8211; The International Committee on Vernacular Architecture of The International Council on Monuments and Sites\n    <\/div>\n<\/div>\n<div class=\"row\">\n<div class=\"col-md-2 center-block parceiros\"><img src=\"http:\/\/esg.pt\/seismic-v\/assets\/uploads\/2015\/09\/logo_isceah.png\" alt=\"Logo ICOMOS International Scientific Committee on Earthen Architectural Heritage \" \/><\/div>\n<div class=\"col-md-10 center-block\">\n        ICOMOS International Scientific Committee on Earthen Architectural Heritage\n    <\/div>\n<\/div>\n<div class=\"row\">\n<div class=\"col-md-2 center-block parceiros\"><img src=\"http:\/\/esg.pt\/seismic-v\/assets\/uploads\/2015\/09\/logo_centro_europeo.png\" alt=\"Logo European University Centre for Cultural Heritage \" \/><\/div>\n<div class=\"col-md-10 center-block\">\n        European University Centre for Cultural Heritage\n    <\/div>\n<\/div>\n","protected":false},"excerpt":{"rendered":"<p>Projeto SEISMIC-V: Cultura S\u00edsmica em Portugal Entidade Financiadora FCT \u2013 Funda\u00e7\u00e3o para a Ci\u00eancia e Tecnologia Programa Projetos de Investiga\u00e7\u00e3o Cient\u00edfica e Desenvolvimento Tecnol\u00f3gico Refere\u0302ncia do Projeto PTDC\/ATP-AQI\/3934\/2012 Investigadora Respons\u00e1vel Mariana Rita Alberto Rosado Correia \u00c1rea Cient\u00edfica Ambiente, Territ\u00f3rio e Popula\u00e7\u00e3o \u2013 Arquitetura Coordena\u00e7\u00e3o do Projecto Escola Superior Gallaecia, CI-ESG, Centro de Investiga\u00e7\u00e3o da ESG&#8230;.  <a href=\"https:\/\/esg.pt\/seismic-v\/equipa\/\" title=\"ReadEquipa\">Read more &raquo;<\/a><\/p>\n","protected":false},"author":2,"featured_media":0,"parent":0,"menu_order":0,"comment_status":"closed","ping_status":"closed","template":"","meta":[],"yoast_head":"<!-- This site is optimized with the Yoast SEO plugin v16.8 - https:\/\/yoast.com\/wordpress\/plugins\/seo\/ -->\n<meta name=\"robots\" content=\"index, follow, max-snippet:-1, max-image-preview:large, max-video-preview:-1\" \/>\n<link rel=\"canonical\" href=\"https:\/\/esg.pt\/seismic-v\/equipa\/\" \/>\n<meta property=\"og:locale\" content=\"pt_PT\" \/>\n<meta property=\"og:type\" content=\"article\" \/>\n<meta property=\"og:title\" content=\"Equipa - Seismic V\" \/>\n<meta property=\"og:description\" content=\"Projeto SEISMIC-V: Cultura S\u00edsmica em Portugal Entidade Financiadora FCT \u2013 Funda\u00e7\u00e3o para a Ci\u00eancia e Tecnologia Programa Projetos de Investiga\u00e7\u00e3o Cient\u00edfica e Desenvolvimento Tecnol\u00f3gico Refere\u0302ncia do Projeto PTDC\/ATP-AQI\/3934\/2012 Investigadora Respons\u00e1vel Mariana Rita Alberto Rosado Correia \u00c1rea Cient\u00edfica Ambiente, Territ\u00f3rio e Popula\u00e7\u00e3o \u2013 Arquitetura Coordena\u00e7\u00e3o do Projecto Escola Superior Gallaecia, CI-ESG, Centro de Investiga\u00e7\u00e3o da ESG.... Read more &raquo;\" \/>\n<meta property=\"og:url\" content=\"https:\/\/esg.pt\/seismic-v\/equipa\/\" \/>\n<meta property=\"og:site_name\" content=\"Seismic V\" \/>\n<meta property=\"article:modified_time\" content=\"2015-11-13T12:43:59+00:00\" \/>\n<meta property=\"og:image\" content=\"http:\/\/esg.pt\/seismic-v\/assets\/uploads\/2015\/09\/logo_fct.png\" \/>\n<meta name=\"twitter:card\" content=\"summary\" \/>\n<meta name=\"twitter:label1\" content=\"Tempo estimado de leitura\" \/>\n\t<meta name=\"twitter:data1\" content=\"2 minutos\" \/>\n<script type=\"application\/ld+json\" class=\"yoast-schema-graph\">{\"@context\":\"https:\/\/schema.org\",\"@graph\":[{\"@type\":\"WebSite\",\"@id\":\"https:\/\/esg.pt\/seismic-v\/en\/#website\",\"url\":\"https:\/\/esg.pt\/seismic-v\/en\/\",\"name\":\"Seismic V\",\"description\":\"Cultura Sismo-Resistente Vern\\u00e1cula em Portugal\",\"potentialAction\":[{\"@type\":\"SearchAction\",\"target\":{\"@type\":\"EntryPoint\",\"urlTemplate\":\"https:\/\/esg.pt\/seismic-v\/en\/?s={search_term_string}\"},\"query-input\":\"required name=search_term_string\"}],\"inLanguage\":\"pt-PT\"},{\"@type\":\"ImageObject\",\"@id\":\"https:\/\/esg.pt\/seismic-v\/equipa\/#primaryimage\",\"inLanguage\":\"pt-PT\",\"url\":\"http:\/\/esg.pt\/seismic-v\/assets\/uploads\/2015\/09\/logo_fct.png\",\"contentUrl\":\"http:\/\/esg.pt\/seismic-v\/assets\/uploads\/2015\/09\/logo_fct.png\"},{\"@type\":\"WebPage\",\"@id\":\"https:\/\/esg.pt\/seismic-v\/equipa\/#webpage\",\"url\":\"https:\/\/esg.pt\/seismic-v\/equipa\/\",\"name\":\"Equipa - Seismic V\",\"isPartOf\":{\"@id\":\"https:\/\/esg.pt\/seismic-v\/en\/#website\"},\"primaryImageOfPage\":{\"@id\":\"https:\/\/esg.pt\/seismic-v\/equipa\/#primaryimage\"},\"datePublished\":\"2015-09-18T16:20:58+00:00\",\"dateModified\":\"2015-11-13T12:43:59+00:00\",\"breadcrumb\":{\"@id\":\"https:\/\/esg.pt\/seismic-v\/equipa\/#breadcrumb\"},\"inLanguage\":\"pt-PT\",\"potentialAction\":[{\"@type\":\"ReadAction\",\"target\":[\"https:\/\/esg.pt\/seismic-v\/equipa\/\"]}]},{\"@type\":\"BreadcrumbList\",\"@id\":\"https:\/\/esg.pt\/seismic-v\/equipa\/#breadcrumb\",\"itemListElement\":[{\"@type\":\"ListItem\",\"position\":1,\"name\":\"Home\",\"item\":\"https:\/\/esg.pt\/seismic-v\/en\/\"},{\"@type\":\"ListItem\",\"position\":2,\"name\":\"Equipa\"}]}]}<\/script>\n<!-- \/ Yoast SEO plugin. -->","yoast_head_json":{"robots":{"index":"index","follow":"follow","max-snippet":"max-snippet:-1","max-image-preview":"max-image-preview:large","max-video-preview":"max-video-preview:-1"},"canonical":"https:\/\/esg.pt\/seismic-v\/equipa\/","og_locale":"pt_PT","og_type":"article","og_title":"Equipa - Seismic V","og_description":"Projeto SEISMIC-V: Cultura S\u00edsmica em Portugal Entidade Financiadora FCT \u2013 Funda\u00e7\u00e3o para a Ci\u00eancia e Tecnologia Programa Projetos de Investiga\u00e7\u00e3o Cient\u00edfica e Desenvolvimento Tecnol\u00f3gico Refere\u0302ncia do Projeto PTDC\/ATP-AQI\/3934\/2012 Investigadora Respons\u00e1vel Mariana Rita Alberto Rosado Correia \u00c1rea Cient\u00edfica Ambiente, Territ\u00f3rio e Popula\u00e7\u00e3o \u2013 Arquitetura Coordena\u00e7\u00e3o do Projecto Escola Superior Gallaecia, CI-ESG, Centro de Investiga\u00e7\u00e3o da ESG.... Read more &raquo;","og_url":"https:\/\/esg.pt\/seismic-v\/equipa\/","og_site_name":"Seismic V","article_modified_time":"2015-11-13T12:43:59+00:00","og_image":[{"url":"http:\/\/esg.pt\/seismic-v\/assets\/uploads\/2015\/09\/logo_fct.png"}],"twitter_card":"summary","twitter_misc":{"Tempo estimado de leitura":"2 minutos"},"schema":{"@context":"https:\/\/schema.org","@graph":[{"@type":"WebSite","@id":"https:\/\/esg.pt\/seismic-v\/en\/#website","url":"https:\/\/esg.pt\/seismic-v\/en\/","name":"Seismic V","description":"Cultura Sismo-Resistente Vern\u00e1cula em Portugal","potentialAction":[{"@type":"SearchAction","target":{"@type":"EntryPoint","urlTemplate":"https:\/\/esg.pt\/seismic-v\/en\/?s={search_term_string}"},"query-input":"required name=search_term_string"}],"inLanguage":"pt-PT"},{"@type":"ImageObject","@id":"https:\/\/esg.pt\/seismic-v\/equipa\/#primaryimage","inLanguage":"pt-PT","url":"http:\/\/esg.pt\/seismic-v\/assets\/uploads\/2015\/09\/logo_fct.png","contentUrl":"http:\/\/esg.pt\/seismic-v\/assets\/uploads\/2015\/09\/logo_fct.png"},{"@type":"WebPage","@id":"https:\/\/esg.pt\/seismic-v\/equipa\/#webpage","url":"https:\/\/esg.pt\/seismic-v\/equipa\/","name":"Equipa - Seismic V","isPartOf":{"@id":"https:\/\/esg.pt\/seismic-v\/en\/#website"},"primaryImageOfPage":{"@id":"https:\/\/esg.pt\/seismic-v\/equipa\/#primaryimage"},"datePublished":"2015-09-18T16:20:58+00:00","dateModified":"2015-11-13T12:43:59+00:00","breadcrumb":{"@id":"https:\/\/esg.pt\/seismic-v\/equipa\/#breadcrumb"},"inLanguage":"pt-PT","potentialAction":[{"@type":"ReadAction","target":["https:\/\/esg.pt\/seismic-v\/equipa\/"]}]},{"@type":"BreadcrumbList","@id":"https:\/\/esg.pt\/seismic-v\/equipa\/#breadcrumb","itemListElement":[{"@type":"ListItem","position":1,"name":"Home","item":"https:\/\/esg.pt\/seismic-v\/en\/"},{"@type":"ListItem","position":2,"name":"Equipa"}]}]}},"_links":{"self":[{"href":"https:\/\/esg.pt\/seismic-v\/wp-json\/wp\/v2\/pages\/76"}],"collection":[{"href":"https:\/\/esg.pt\/seismic-v\/wp-json\/wp\/v2\/pages"}],"about":[{"href":"https:\/\/esg.pt\/seismic-v\/wp-json\/wp\/v2\/types\/page"}],"author":[{"embeddable":true,"href":"https:\/\/esg.pt\/seismic-v\/wp-json\/wp\/v2\/users\/2"}],"replies":[{"embeddable":true,"href":"https:\/\/esg.pt\/seismic-v\/wp-json\/wp\/v2\/comments?post=76"}],"version-history":[{"count":28,"href":"https:\/\/esg.pt\/seismic-v\/wp-json\/wp\/v2\/pages\/76\/revisions"}],"predecessor-version":[{"id":418,"href":"https:\/\/esg.pt\/seismic-v\/wp-json\/wp\/v2\/pages\/76\/revisions\/418"}],"wp:attachment":[{"href":"https:\/\/esg.pt\/seismic-v\/wp-json\/wp\/v2\/media?parent=76"}],"curies":[{"name":"wp","href":"https:\/\/api.w.org\/{rel}","templated":true}]}}