{"id":118,"date":"2015-09-23T11:33:02","date_gmt":"2015-09-23T11:33:02","guid":{"rendered":"http:\/\/esg.pt\/seismic-v\/?page_id=118"},"modified":"2016-04-19T09:42:46","modified_gmt":"2016-04-19T09:42:46","slug":"research-team","status":"publish","type":"page","link":"https:\/\/esg.pt\/seismic-v\/research-team\/","title":{"rendered":"Research Team"},"content":{"rendered":"<div class=\"row\">\n<div class=\"col-md-6\">\n<h3>Project<\/h3>\n<p>        SEISMIC-V: Vernacular Seismic Culture in Portugal<\/p>\n<hr \/>\n<h3>Funding Entity<\/h3>\n<p>        FCT \u2013 Funda\u00e7\u00e3o para a Ci\u00eancia e Tecnologia<\/p>\n<hr \/>\n<h3>Programme<\/h3>\n<p>        Projetos de Investiga\u00e7\u00e3o Cient\u00edfica e Desenvolvimento Tecnol\u00f3gico<\/p>\n<hr \/>\n<h3>Project Reference<\/h3>\n<p>        PTDC\/ATP-AQI\/3934\/2012<\/p>\n<hr \/>\n<h3>Prime Investigator<\/h3>\n<p>        Mariana Rita Alberto Rosado Correia<\/p>\n<hr \/>\n<h3>Main Scientific Area<\/h3>\n<p>        Ambiente, Territ\u00f3rio e Popula\u00e7\u00e3o \u2013 Arquitetura<\/p>\n<hr \/><\/div>\n<div class=\"col-md-6\">\n<h3>Project Coordination<\/h3>\n<p><strong>Escola Superior Gallaecia<\/strong>, CI-ESG, ESG Research Center.<br \/>\nFunda\u00e7\u00e3o Convento da Orada, Vila Nova de Cerveira, Portugal<\/p>\n<p>Mariana R. Correia <em>(Project coord.)<\/em>, Gilberto D. Carlos, David Leite Viana, Goreti Sousa, Ana Lima, Filipa Gomes, Jacob Merten, Sandra Rocha e Sousa, Marco Mour\u00e3o, Teresa Correia.<\/p>\n<h3>Project Partners<\/h3>\n<p>Universidade do Minho, Guimar\u00e3es, Portugal<br \/>\nPaulo B. Louren\u00e7o <em>(UM team coord.)<\/em>, Gra\u00e7a Vasconcelos, Javier Ortega.<\/p>\n<p>Universidade de Aveiro, Aveiro, Portugal<br \/>\nHumberto Varum <em>(UA team coord.)<\/em>, Alice Tavares Ruano, An\u00edbal Costa, Ant\u00f3nio Figueiredo, Hugo Rodrigues, Ricardo Barros, Dora Silveira.<\/p>\n<hr \/>\n<h3>Consultants<\/h3>\n<p>        Ferruccio Ferrigni; Julio Vargas Neumann<\/p>\n<hr \/>\n<h3>Acknowledgments<\/h3>\n<p>        C\u00e2mara Municipal de Benavente; C\u00e2mara Municipal de Alc\u00e1cer do Sal; C\u00e2mara Municipal de Gr\u00e2ndola; C\u00e2mara Municipal de E\u0301vora; Arquivo de Documenta\u00e7\u00e3o E\u0301vora; Arquivo Fotogr\u00e1fico E\u0301vora; C\u00e2mara Municipal de Beja; C\u00e2mara Municipal de Moura; C\u00e2mara Municipal de Odemira; C\u00e2mara Municipal de Lagos; C\u00e2mara Municipal de Loule\u0301; C\u00e2mara Municipal de Tavira; C\u00e2mara Municipal de Vila Real de Santo Ant\u00f3nio; CVARG &#8211; Centro de Vulcanologia e Avalia\u00e7\u00e3o de Riscos Geol\u00f3gicos; Quinta Grande \u2013 Coruche; FormaURBIS; UNIVEUR, Ravello; CRAterre &#8211; ENSAG; NCREP; N. Jorquera; L. Dipasquale; A. Abdessemed- Foufa; R. Djilali; E.S. Georgescu; S. Mecca; E. Paupe\u0301rio; X. Rom\u00e3o; J. Yao; N. Takiyama.<\/p>\n<hr \/>\n<h3>Contributors<\/h3>\n<p>        Ferruccio Ferrigni; Julio Vargas Neumann; Frederico Paula; In\u00eas Palma; Eduardo Miranda.\n    <\/p><\/div>\n<\/div>\n<div class=\"row\">\n<div class=\"col-md-12\">\n<h2 class=\"strong\">Funding<\/h2>\n<\/div>\n<div class=\"col-md-2 center-block parceiros\">\n        <img src=\"http:\/\/esg.pt\/seismic-v\/assets\/uploads\/2015\/09\/logo_fct.png\" alt=\" FCT - Funda\u00e7\u00e3o para a Ci\u00eancia e a Tecnologia\" \/>\n    <\/div>\n<div class=\"col-md-10 center-block\">\n<p>FCT &#8211; Funda\u00e7\u00e3o para a Ci\u00eancia e a Tecnologia<\/p>\n<\/p><\/div>\n<\/div>\n<div class=\"row\">\n<div class=\"col-md-12\">\n<h2 class=\"strong\">Project Leader<\/h2>\n<\/div>\n<div class=\"col-md-2 center-block parceiros\">\n        <img src=\"http:\/\/esg.pt\/seismic-v\/assets\/uploads\/2015\/09\/logo-esg-vertical.png\" alt=\"Escola Superior Gallaecia\" \/>\n    <\/div>\n<div class=\"col-md-10 center-block\">\n<p>Escola Superior Gallaecia<\/p>\n<\/p><\/div>\n<\/div>\n<div class=\"row\">\n<div class=\"col-md-12\">\n<h2 class=\"strong\">Partners<\/h2>\n<\/div>\n<div class=\"col-md-2 center-block parceiros\">\n        <img width=\"80px\" src=\"http:\/\/esg.pt\/seismic-v\/assets\/uploads\/2015\/09\/uminho_eng.png\" alt=\"Universidade do Minho - Escola de Engenharia\" \/>\n    <\/div>\n<div class=\"col-md-10 center-block\">\n<p>Universidade do Minho &#8211; Escola de Engenharia<\/p>\n<\/p><\/div>\n<\/div>\n<div class=\"row\">\n<div class=\"col-md-2 center-block parceiros\">\n        <img width=\"80px\" src=\"http:\/\/esg.pt\/seismic-v\/assets\/uploads\/2015\/09\/uaveiro.png\" alt=\"Universidade de Aveiro - Escola de Engenharia\" \/>\n    <\/div>\n<div class=\"col-md-10 center-block\">\n<p>Universidade de Aveiro &#8211; Escola de Engenharia<\/p>\n<\/p><\/div>\n<\/div>\n<div class=\"row\">\n<div class=\"col-md-12\">\n<h2 class=\"strong\">Support<\/h2>\n<\/div>\n<div class=\"col-md-2 center-block parceiros\">\n        <img src=\"http:\/\/esg.pt\/seismic-v\/assets\/uploads\/2015\/09\/logo-unesco-unitwin.png\" alt=\"Unesco UniTwin\">\n    <\/div>\n<div class=\"col-md-10 center-block\">\n<p>Chaire UNESCO Architecture de Terre<\/p>\n<\/p><\/div>\n<\/div>\n<div class=\"row\">\n<div class=\"col-md-2 center-block parceiros\">\n        <img src=\"http:\/\/esg.pt\/seismic-v\/assets\/uploads\/2015\/09\/logo_cultura.png\" alt=\"Logo Secrt\u00e1rio de Estado da Cultura \">\n    <\/div>\n<div class=\"col-md-10 center-block\">\n<p>Secret\u00e1rio de Estado da Cultura &#8211; Governo de Portugal<\/p>\n<\/p><\/div>\n<\/div>\n<div class=\"row\">\n<div class=\"col-md-2 center-block parceiros\">\n        <img src=\"http:\/\/esg.pt\/seismic-v\/assets\/uploads\/2015\/09\/logo_ciav.png\" alt=\"Logo  ICOMOS CIAV - The International Committee on Vernacular Architecture of The International Council on Monuments and Sites \">\n    <\/div>\n<div class=\"col-md-10 center-block\">\n<p>ICOMOS CIAV \u2013 International Committee on Vernacular Architecture from the International Council on Monuments and Sites<\/p>\n<\/p><\/div>\n<\/div>\n<div class=\"row\">\n<div class=\"col-md-2 center-block parceiros\">\n        <img src=\"http:\/\/esg.pt\/seismic-v\/assets\/uploads\/2015\/09\/logo_isceah.png\" alt=\"Logo ICOMOS International Scientific Committee on Earthen Architectural Heritage \">\n    <\/div>\n<div class=\"col-md-10 center-block\">\n<p>ICOMOS ISCEAH &#8211; International Scientific Committee on Earthen Architectural Heritage from the International Council on Monuments and Sites<\/p>\n<\/p><\/div>\n<\/div>\n<div class=\"row\">\n<div class=\"col-md-2 vcenter parceiros\">\n        <img src=\"http:\/\/esg.pt\/seismic-v\/assets\/uploads\/2015\/09\/logo_centro_europeo.png\" alt=\"Logo European University Centre for Cultural Heritage \">\n    <\/div>\n<div class=\"col-md-10 center-block vcenter\">\n<p>European University Centre for Cultural Heritage<\/p>\n<\/div>\n<\/div>\n","protected":false},"excerpt":{"rendered":"<p>Project SEISMIC-V: Vernacular Seismic Culture in Portugal Funding Entity FCT \u2013 Funda\u00e7\u00e3o para a Ci\u00eancia e Tecnologia Programme Projetos de Investiga\u00e7\u00e3o Cient\u00edfica e Desenvolvimento Tecnol\u00f3gico Project Reference PTDC\/ATP-AQI\/3934\/2012 Prime Investigator Mariana Rita Alberto Rosado Correia Main Scientific Area Ambiente, Territ\u00f3rio e Popula\u00e7\u00e3o \u2013 Arquitetura Project Coordination Escola Superior Gallaecia, CI-ESG, ESG Research Center. Funda\u00e7\u00e3o Convento&#8230;  <a href=\"https:\/\/esg.pt\/seismic-v\/research-team\/\" title=\"ReadResearch Team\">Read more &raquo;<\/a><\/p>\n","protected":false},"author":2,"featured_media":0,"parent":0,"menu_order":0,"comment_status":"closed","ping_status":"closed","template":"","meta":[],"yoast_head":"<!-- This site is optimized with the Yoast SEO plugin v16.8 - https:\/\/yoast.com\/wordpress\/plugins\/seo\/ -->\n<meta name=\"robots\" content=\"index, follow, max-snippet:-1, max-image-preview:large, max-video-preview:-1\" \/>\n<link rel=\"canonical\" href=\"https:\/\/esg.pt\/seismic-v\/research-team\/\" \/>\n<meta property=\"og:locale\" content=\"pt_PT\" \/>\n<meta property=\"og:type\" content=\"article\" \/>\n<meta property=\"og:title\" content=\"Research Team - Seismic V\" \/>\n<meta property=\"og:description\" content=\"Project SEISMIC-V: Vernacular Seismic Culture in Portugal Funding Entity FCT \u2013 Funda\u00e7\u00e3o para a Ci\u00eancia e Tecnologia Programme Projetos de Investiga\u00e7\u00e3o Cient\u00edfica e Desenvolvimento Tecnol\u00f3gico Project Reference PTDC\/ATP-AQI\/3934\/2012 Prime Investigator Mariana Rita Alberto Rosado Correia Main Scientific Area Ambiente, Territ\u00f3rio e Popula\u00e7\u00e3o \u2013 Arquitetura Project Coordination Escola Superior Gallaecia, CI-ESG, ESG Research Center. Funda\u00e7\u00e3o Convento... Read more &raquo;\" \/>\n<meta property=\"og:url\" content=\"https:\/\/esg.pt\/seismic-v\/research-team\/\" \/>\n<meta property=\"og:site_name\" content=\"Seismic V\" \/>\n<meta property=\"article:modified_time\" content=\"2016-04-19T09:42:46+00:00\" \/>\n<meta property=\"og:image\" content=\"http:\/\/esg.pt\/seismic-v\/assets\/uploads\/2015\/09\/logo_fct.png\" \/>\n<meta name=\"twitter:card\" content=\"summary\" \/>\n<meta name=\"twitter:label1\" content=\"Tempo estimado de leitura\" \/>\n\t<meta name=\"twitter:data1\" content=\"2 minutos\" \/>\n<script type=\"application\/ld+json\" class=\"yoast-schema-graph\">{\"@context\":\"https:\/\/schema.org\",\"@graph\":[{\"@type\":\"WebSite\",\"@id\":\"https:\/\/esg.pt\/seismic-v\/en\/#website\",\"url\":\"https:\/\/esg.pt\/seismic-v\/en\/\",\"name\":\"Seismic V\",\"description\":\"Cultura Sismo-Resistente Vern\\u00e1cula em Portugal\",\"potentialAction\":[{\"@type\":\"SearchAction\",\"target\":{\"@type\":\"EntryPoint\",\"urlTemplate\":\"https:\/\/esg.pt\/seismic-v\/en\/?s={search_term_string}\"},\"query-input\":\"required name=search_term_string\"}],\"inLanguage\":\"pt-PT\"},{\"@type\":\"ImageObject\",\"@id\":\"https:\/\/esg.pt\/seismic-v\/research-team\/#primaryimage\",\"inLanguage\":\"pt-PT\",\"url\":\"http:\/\/esg.pt\/seismic-v\/assets\/uploads\/2015\/09\/logo_fct.png\",\"contentUrl\":\"http:\/\/esg.pt\/seismic-v\/assets\/uploads\/2015\/09\/logo_fct.png\"},{\"@type\":\"WebPage\",\"@id\":\"https:\/\/esg.pt\/seismic-v\/research-team\/#webpage\",\"url\":\"https:\/\/esg.pt\/seismic-v\/research-team\/\",\"name\":\"Research Team - Seismic V\",\"isPartOf\":{\"@id\":\"https:\/\/esg.pt\/seismic-v\/en\/#website\"},\"primaryImageOfPage\":{\"@id\":\"https:\/\/esg.pt\/seismic-v\/research-team\/#primaryimage\"},\"datePublished\":\"2015-09-23T11:33:02+00:00\",\"dateModified\":\"2016-04-19T09:42:46+00:00\",\"breadcrumb\":{\"@id\":\"https:\/\/esg.pt\/seismic-v\/research-team\/#breadcrumb\"},\"inLanguage\":\"pt-PT\",\"potentialAction\":[{\"@type\":\"ReadAction\",\"target\":[\"https:\/\/esg.pt\/seismic-v\/research-team\/\"]}]},{\"@type\":\"BreadcrumbList\",\"@id\":\"https:\/\/esg.pt\/seismic-v\/research-team\/#breadcrumb\",\"itemListElement\":[{\"@type\":\"ListItem\",\"position\":1,\"name\":\"Home\",\"item\":\"https:\/\/esg.pt\/seismic-v\/en\/\"},{\"@type\":\"ListItem\",\"position\":2,\"name\":\"Research Team\"}]}]}<\/script>\n<!-- \/ Yoast SEO plugin. -->","yoast_head_json":{"robots":{"index":"index","follow":"follow","max-snippet":"max-snippet:-1","max-image-preview":"max-image-preview:large","max-video-preview":"max-video-preview:-1"},"canonical":"https:\/\/esg.pt\/seismic-v\/research-team\/","og_locale":"pt_PT","og_type":"article","og_title":"Research Team - Seismic V","og_description":"Project SEISMIC-V: Vernacular Seismic Culture in Portugal Funding Entity FCT \u2013 Funda\u00e7\u00e3o para a Ci\u00eancia e Tecnologia Programme Projetos de Investiga\u00e7\u00e3o Cient\u00edfica e Desenvolvimento Tecnol\u00f3gico Project Reference PTDC\/ATP-AQI\/3934\/2012 Prime Investigator Mariana Rita Alberto Rosado Correia Main Scientific Area Ambiente, Territ\u00f3rio e Popula\u00e7\u00e3o \u2013 Arquitetura Project Coordination Escola Superior Gallaecia, CI-ESG, ESG Research Center. Funda\u00e7\u00e3o Convento... Read more &raquo;","og_url":"https:\/\/esg.pt\/seismic-v\/research-team\/","og_site_name":"Seismic V","article_modified_time":"2016-04-19T09:42:46+00:00","og_image":[{"url":"http:\/\/esg.pt\/seismic-v\/assets\/uploads\/2015\/09\/logo_fct.png"}],"twitter_card":"summary","twitter_misc":{"Tempo estimado de leitura":"2 minutos"},"schema":{"@context":"https:\/\/schema.org","@graph":[{"@type":"WebSite","@id":"https:\/\/esg.pt\/seismic-v\/en\/#website","url":"https:\/\/esg.pt\/seismic-v\/en\/","name":"Seismic V","description":"Cultura Sismo-Resistente Vern\u00e1cula em Portugal","potentialAction":[{"@type":"SearchAction","target":{"@type":"EntryPoint","urlTemplate":"https:\/\/esg.pt\/seismic-v\/en\/?s={search_term_string}"},"query-input":"required name=search_term_string"}],"inLanguage":"pt-PT"},{"@type":"ImageObject","@id":"https:\/\/esg.pt\/seismic-v\/research-team\/#primaryimage","inLanguage":"pt-PT","url":"http:\/\/esg.pt\/seismic-v\/assets\/uploads\/2015\/09\/logo_fct.png","contentUrl":"http:\/\/esg.pt\/seismic-v\/assets\/uploads\/2015\/09\/logo_fct.png"},{"@type":"WebPage","@id":"https:\/\/esg.pt\/seismic-v\/research-team\/#webpage","url":"https:\/\/esg.pt\/seismic-v\/research-team\/","name":"Research Team - Seismic V","isPartOf":{"@id":"https:\/\/esg.pt\/seismic-v\/en\/#website"},"primaryImageOfPage":{"@id":"https:\/\/esg.pt\/seismic-v\/research-team\/#primaryimage"},"datePublished":"2015-09-23T11:33:02+00:00","dateModified":"2016-04-19T09:42:46+00:00","breadcrumb":{"@id":"https:\/\/esg.pt\/seismic-v\/research-team\/#breadcrumb"},"inLanguage":"pt-PT","potentialAction":[{"@type":"ReadAction","target":["https:\/\/esg.pt\/seismic-v\/research-team\/"]}]},{"@type":"BreadcrumbList","@id":"https:\/\/esg.pt\/seismic-v\/research-team\/#breadcrumb","itemListElement":[{"@type":"ListItem","position":1,"name":"Home","item":"https:\/\/esg.pt\/seismic-v\/en\/"},{"@type":"ListItem","position":2,"name":"Research Team"}]}]}},"_links":{"self":[{"href":"https:\/\/esg.pt\/seismic-v\/wp-json\/wp\/v2\/pages\/118"}],"collection":[{"href":"https:\/\/esg.pt\/seismic-v\/wp-json\/wp\/v2\/pages"}],"about":[{"href":"https:\/\/esg.pt\/seismic-v\/wp-json\/wp\/v2\/types\/page"}],"author":[{"embeddable":true,"href":"https:\/\/esg.pt\/seismic-v\/wp-json\/wp\/v2\/users\/2"}],"replies":[{"embeddable":true,"href":"https:\/\/esg.pt\/seismic-v\/wp-json\/wp\/v2\/comments?post=118"}],"version-history":[{"count":17,"href":"https:\/\/esg.pt\/seismic-v\/wp-json\/wp\/v2\/pages\/118\/revisions"}],"predecessor-version":[{"id":549,"href":"https:\/\/esg.pt\/seismic-v\/wp-json\/wp\/v2\/pages\/118\/revisions\/549"}],"wp:attachment":[{"href":"https:\/\/esg.pt\/seismic-v\/wp-json\/wp\/v2\/media?parent=118"}],"curies":[{"name":"wp","href":"https:\/\/api.w.org\/{rel}","templated":true}]}}